
List the prime factors of 812661472.
2, 7, 17, 43, 709
What are the prime factors of 987738334?
2, 11, 44897197
List the prime factors of 184852418.
2, 92426209
What are the prime factors of 2339060959?
59, 571, 69431
List the prime factors of 5560618751.
619, 8983229
What are the prime factors of 121968888?
2, 3, 5082037
List the prime factors of 6026382296.
2, 11, 68481617
List the prime factors of 141986709.
3, 101, 52067
List the prime factors of 2041171430.
2, 5, 204117143
List the prime factors of 5119329172.
2, 1279832293
What are the prime factors of 7025937?
3, 2341979
List the prime factors of 75208646.
2, 17, 1171, 1889
List the prime factors of 96974116.
2, 43, 461, 1223
What are the prime factors of 133254934?
2, 1033, 64499
What are the prime factors of 731848113?
3, 17, 4783321
List the prime factors of 344658976.
2, 1367, 7879
List the prime factors of 39812244.
2, 3, 29, 233, 491
What are the prime factors of 46885755?
3, 5, 7, 41, 10891
What are the prime factors of 49623425?
5, 17, 59, 1979
What are the prime factors of 187331577?
3, 7079, 8821
What are the prime factors of 51701920?
2, 5, 323137
List the prime factors of 407113312.
2, 12722291
List the prime factors of 396935450.
2, 5, 337, 23557
What are the prime factors of 790050384?
2, 3, 17, 73, 4421
List the prime factors of 4320006969.
3, 17, 4982707
What are the prime factors of 900080204?
2, 37, 193, 31511
List the prime factors of 4020374.
2, 2010187
List the prime factors of 7269916.
2, 293, 6203
What are the prime factors of 7701309959?
7, 491, 320101
List the prime factors of 1809568.
2, 193, 293
What are the prime factors of 2139477737?
2139477737
List the prime factors of 57761029.
31, 367, 5077
List the prime factors of 2418846250.
2, 5, 41, 109, 433
What are the prime factors of 30839619?
3, 23, 446951
List the prime factors of 218988103.
53, 4131851
What are the prime factors of 274297178?
2, 2917, 47017
List the prime factors of 6288135.
3, 5, 7, 59887
What are the prime factors of 1907869362?
2, 3, 7, 45425461
List the prime factors of 847302352.
2, 13, 4073569
List the prime factors of 120552115.
5, 24110423
List the prime factors of 271110825.
3, 5, 1204937
List the prime factors of 54166702.
2, 23, 421, 2797
What are the prime factors of 12940995?
3, 5, 17, 19, 2671
What are the prime factors of 247447210?
2, 5, 131, 188891
What are the prime factors of 1712978170?
2, 5, 563, 304259
What are the prime factors of 107225203?
131, 193, 4241
What are the prime factors of 1046715051?
3, 47, 7423511
What are the prime factors of 143445624?
2, 3, 7, 853843
List the prime factors of 4491797602.
2, 73, 30765737
List the prime factors of 61849367.
283, 218549
What are the prime factors of 358968781?
67, 701, 7643
What are the prime factors of 1546319272?
2, 1237, 156257
What are the prime factors of 1375561102?
2, 61, 11275091
List the prime factors of 32486947.
83, 137, 2857
What are the prime factors of 892605964?
2, 29, 137, 56167
List the prime factors of 109204683.
3, 7, 15161
List the prime factors of 4056979224.
2, 3, 157, 233, 4621
List the prime factors of 188577912.
2, 3, 47, 3557
List the prime factors of 329093946.
2, 3, 19, 71, 13553
What are the prime factors of 461151126?
2, 3, 139, 149, 1237
List the prime factors of 1701995150.
2, 5, 5449, 6247
List the prime factors of 1495508702.
2, 41, 251, 72661
List the prime factors of 37114433.
23, 1613671
What are the prime factors of 146644687?
7, 20949241
List the prime factors of 5289320974.
2, 7, 53972663
List the prime factors of 1121747297.
11, 3413, 29879
List the prime factors of 81450833.
81450833
What are the prime factors of 50310622?
2, 25155311
What are the prime factors of 30143800?
2, 5, 23, 6553
List the prime factors of 132378423.
3, 937, 47093
List the prime factors of 1558091323.
23, 29, 2335969
What are the prime factors of 252054991?
252054991
What are the prime factors of 6500185273?
23, 282616751
What are the prime factors of 987975040?
2, 5, 13, 118747
List the prime factors of 1404475724.
2, 351118931
List the prime factors of 4244672132.
2, 17, 62421649
List the prime factors of 4775127511.
7, 11, 43, 151, 9551
What are the prime factors of 775003898?
2, 4933, 78553
List the prime factors of 97656182.
2, 13, 43, 113, 773
List the prime factors of 32365784.
2, 11, 23, 15991
What are the prime factors of 63266923?
63266923
List the prime factors of 19024897.
19024897
List the prime factors of 105918432.
2, 3, 17, 64901
What are the prime factors of 6231231624?
2, 3, 29, 53, 251, 673
What are the prime factors of 5197466850?
2, 3, 5, 449, 77171
List the prime factors of 5787871918.
2, 17, 170231527
List the prime factors of 1050750129.
3, 11, 13, 197, 12433
List the prime factors of 163514021.
11, 137, 108503
List the prime factors of 469152234.
2, 3, 26064013
What are the prime factors of 1455272174?
2, 727636087
What are the prime factors of 8253680?
2, 5, 103171
List the prime factors of 1785854924.
2, 7, 293, 217681
List the prime factors of 5820388747.
307, 2267, 8363
List the prime factors of 73970320.
2, 5, 43, 21503
What are the prime factors of 10893403?
19, 179, 3203
List the prime factors of 176125002.
2, 3, 1049, 27983
What are the prime factors of 1461845684?
2, 13, 23, 1222279
What are the prime factors of 4216493161?
4216493161
What are the prime factors of 6712710?
2, 3, 5, 223757
What are the prime factors of 778810248?
2, 3, 83, 43441
List the prime factors of 302925790.
2, 5, 30292579
What are the prime factors of 719959227?
3, 13, 2089, 8837
What are the prime factors of 704791621?
61, 97, 311, 383
List the prime factors of 335554336.
2, 13, 263, 3067
What are the prime factors of 26790057?
3, 7, 19, 22381
List the prime factors of 114759101.
47, 2441683
What are the prime factors of 220262433?
3, 67, 1095833
List the prime factors of 2611296180.
2, 3, 5, 1031, 14071
What are the prime factors of 4302786778?
2, 19, 23, 263, 18719
List the prime factors of 2469955605.
3, 5, 13, 12666439
List the prime factors of 1401709394.
2, 41, 17094017
What are the prime factors of 2000013850?
2, 5, 43, 73, 12743
List the prime factors of 222990155.
5, 1427, 31253
List the prime factors of 914994726.
2, 3, 152499121
What are the prime factors of 753641921?
593, 1270897
What are the prime factors of 106736301?
3, 7, 1694227
What are the prime factors of 22394513?
47, 476479
List the prime factors of 399480297.
3, 17, 7832947
List the prime factors of 42499227.
3, 14166409
List the prime factors of 2890390.
2, 5, 289039
List the prime factors of 155994859.
155994859
What are the prime factors of 84389230?
2, 5, 37, 61, 3739
What are the prime factors of 605171392?
2, 7, 197, 6857
What are the prime factors of 909689436?
2, 3, 463, 54577
List the prime factors of 41326862.
2, 19, 83, 13103
What are the prime factors of 7322923951?
7, 29, 43, 838919
What are the prime factors of 4884845435?
5, 53, 18433379
What are the prime factors of 1911761142?
2, 3, 29, 3041, 3613
List the prime factors of 151860173.
37, 421, 9749
List the prime factors of 1374872250.
2, 3, 5, 1833163
List the prime factors of 135535355.
5, 43, 311, 2027
What are the prime factors of 297628342?
2, 11, 13528561
List the prime factors of 6520279110.
2, 3, 5, 17, 569, 22469
List the prime factors of 37388335.
5, 7477667
List the prime factors of 436587472.
2, 17, 19, 23, 3673
What are the prime factors of 93433580?
2, 5, 59, 79181
List the prime factors of 178972108.
2, 7, 23, 29, 37
List the prime factors of 26554403.
26554403
List the prime factors of 515294157.
3, 7, 17, 1443401
What are the prime factors of 204544361?
7, 29220623
List the prime factors of 2882176148.
2, 13267, 54311
List the prime factors of 46640481.
3, 23, 191, 3539
List the prime factors of 6119524828.
2, 1529881207
What are the prime factors of 3192925?
5, 127717
List the prime factors of 589295507.
19, 31015553
List the prime factors of 30313389.
3, 439, 23017
List the prime factors of 171558943.
139, 1234237
List the prime factors of 1254540380.
2, 5, 7079, 8861
List the prime factors of 158554579.
158554579
List the prime factors of 871175115.
3, 5, 17, 379597
What are the prime factors of 1590509812?
2, 8317, 47809
List the pr